{"id":5,"date":"2023-07-13T21:33:29","date_gmt":"2023-07-14T00:33:29","guid":{"rendered":"https:\/\/flima.net.br\/6\/work"},"modified":"2025-02-21T12:34:22","modified_gmt":"2025-02-21T15:34:22","slug":"programacao","status":"publish","type":"page","link":"https:\/\/flima.net.br\/6\/","title":{"rendered":"Programa\u00e7\u00e3o 2023"},"content":{"rendered":"","protected":false},"excerpt":{"rendered":"","protected":false},"author":1,"featured_media":0,"parent":0,"menu_order":0,"comment_status":"closed","ping_status":"closed","template":"","meta":{"footnotes":""},"class_list":["post-5","page","type-page","status-publish","hentry"],"yoast_head":"<!-- This site is optimized with the Yoast SEO plugin v21.2 - https:\/\/yoast.com\/wordpress\/plugins\/seo\/ -->\n<title>FLIMA 2023 - Programa\u00e7\u00e3o<\/title>\n<meta name=\"description\" content=\"Confira as mais de 100 atra\u00e7\u00f5es do festival\" \/>\n<meta name=\"robots\" content=\"index, follow, max-snippet:-1, max-image-preview:large, max-video-preview:-1\" \/>\n<link rel=\"canonical\" href=\"https:\/\/flima.net.br\/6\/\" \/>\n<meta property=\"og:locale\" content=\"pt_BR\" \/>\n<meta property=\"og:type\" content=\"article\" \/>\n<meta property=\"og:title\" content=\"FLIMA 2023 - Programa\u00e7\u00e3o\" \/>\n<meta property=\"og:description\" content=\"Confira as mais de 100 atra\u00e7\u00f5es do festival\" \/>\n<meta property=\"og:url\" content=\"https:\/\/flima.net.br\/6\/\" \/>\n<meta property=\"og:site_name\" content=\"FLIMA\" \/>\n<meta property=\"article:modified_time\" content=\"2025-02-21T15:34:22+00:00\" \/>\n<meta property=\"og:image\" content=\"https:\/\/flima.net.br\/6\/wp-content\/uploads\/2023\/09\/Flima_2023_Home_Site-scaled.jpg\" \/>\n<meta name=\"twitter:card\" content=\"summary_large_image\" \/>\n<meta name=\"twitter:title\" content=\"FLIMA 2023 - Programa\u00e7\u00e3o\" \/>\n<meta name=\"twitter:description\" content=\"Confira as mais de 100 atra\u00e7\u00f5es do festival\" \/>\n<meta name=\"twitter:image\" content=\"https:\/\/flima.net.br\/6\/wp-content\/uploads\/2023\/09\/Flima_2023_Home_Site-scaled.jpg\" \/>\n<script type=\"application\/ld+json\" class=\"yoast-schema-graph\">{\"@context\":\"https:\/\/schema.org\",\"@graph\":[{\"@type\":\"WebPage\",\"@id\":\"https:\/\/flima.net.br\/6\/\",\"url\":\"https:\/\/flima.net.br\/6\/\",\"name\":\"FLIMA 2023 - Programa\u00e7\u00e3o\",\"isPartOf\":{\"@id\":\"https:\/\/flima.net.br\/6\/#website\"},\"datePublished\":\"2023-07-14T00:33:29+00:00\",\"dateModified\":\"2025-02-21T15:34:22+00:00\",\"description\":\"Confira as mais de 100 atra\u00e7\u00f5es do festival\",\"breadcrumb\":{\"@id\":\"https:\/\/flima.net.br\/6\/#breadcrumb\"},\"inLanguage\":\"pt-BR\",\"potentialAction\":[{\"@type\":\"ReadAction\",\"target\":[\"https:\/\/flima.net.br\/6\/\"]}]},{\"@type\":\"BreadcrumbList\",\"@id\":\"https:\/\/flima.net.br\/6\/#breadcrumb\",\"itemListElement\":[{\"@type\":\"ListItem\",\"position\":1,\"name\":\"In\u00edcio\",\"item\":\"https:\/\/flima.net.br\/6\/\"},{\"@type\":\"ListItem\",\"position\":2,\"name\":\"Programa\u00e7\u00e3o 2023\"}]},{\"@type\":\"WebSite\",\"@id\":\"https:\/\/flima.net.br\/6\/#website\",\"url\":\"https:\/\/flima.net.br\/6\/\",\"name\":\"FLIMA\",\"description\":\"6\u00aa Festa Liter\u00e1ria da Mantiqueira\",\"potentialAction\":[{\"@type\":\"SearchAction\",\"target\":{\"@type\":\"EntryPoint\",\"urlTemplate\":\"https:\/\/flima.net.br\/6\/?s={search_term_string}\"},\"query-input\":\"required name=search_term_string\"}],\"inLanguage\":\"pt-BR\"}]}<\/script>\n<!-- \/ Yoast SEO plugin. -->","yoast_head_json":{"title":"FLIMA 2023 - Programa\u00e7\u00e3o","description":"Confira as mais de 100 atra\u00e7\u00f5es do festival","robots":{"index":"index","follow":"follow","max-snippet":"max-snippet:-1","max-image-preview":"max-image-preview:large","max-video-preview":"max-video-preview:-1"},"canonical":"https:\/\/flima.net.br\/6\/","og_locale":"pt_BR","og_type":"article","og_title":"FLIMA 2023 - Programa\u00e7\u00e3o","og_description":"Confira as mais de 100 atra\u00e7\u00f5es do festival","og_url":"https:\/\/flima.net.br\/6\/","og_site_name":"FLIMA","article_modified_time":"2025-02-21T15:34:22+00:00","og_image":[{"url":"https:\/\/flima.net.br\/6\/wp-content\/uploads\/2023\/09\/Flima_2023_Home_Site-scaled.jpg"}],"twitter_card":"summary_large_image","twitter_title":"FLIMA 2023 - Programa\u00e7\u00e3o","twitter_description":"Confira as mais de 100 atra\u00e7\u00f5es do festival","twitter_image":"https:\/\/flima.net.br\/6\/wp-content\/uploads\/2023\/09\/Flima_2023_Home_Site-scaled.jpg","schema":{"@context":"https:\/\/schema.org","@graph":[{"@type":"WebPage","@id":"https:\/\/flima.net.br\/6\/","url":"https:\/\/flima.net.br\/6\/","name":"FLIMA 2023 - Programa\u00e7\u00e3o","isPartOf":{"@id":"https:\/\/flima.net.br\/6\/#website"},"datePublished":"2023-07-14T00:33:29+00:00","dateModified":"2025-02-21T15:34:22+00:00","description":"Confira as mais de 100 atra\u00e7\u00f5es do festival","breadcrumb":{"@id":"https:\/\/flima.net.br\/6\/#breadcrumb"},"inLanguage":"pt-BR","potentialAction":[{"@type":"ReadAction","target":["https:\/\/flima.net.br\/6\/"]}]},{"@type":"BreadcrumbList","@id":"https:\/\/flima.net.br\/6\/#breadcrumb","itemListElement":[{"@type":"ListItem","position":1,"name":"In\u00edcio","item":"https:\/\/flima.net.br\/6\/"},{"@type":"ListItem","position":2,"name":"Programa\u00e7\u00e3o 2023"}]},{"@type":"WebSite","@id":"https:\/\/flima.net.br\/6\/#website","url":"https:\/\/flima.net.br\/6\/","name":"FLIMA","description":"6\u00aa Festa Liter\u00e1ria da Mantiqueira","potentialAction":[{"@type":"SearchAction","target":{"@type":"EntryPoint","urlTemplate":"https:\/\/flima.net.br\/6\/?s={search_term_string}"},"query-input":"required name=search_term_string"}],"inLanguage":"pt-BR"}]}},"_links":{"self":[{"href":"https:\/\/flima.net.br\/6\/wp-json\/wp\/v2\/pages\/5","targetHints":{"allow":["GET"]}}],"collection":[{"href":"https:\/\/flima.net.br\/6\/wp-json\/wp\/v2\/pages"}],"about":[{"href":"https:\/\/flima.net.br\/6\/wp-json\/wp\/v2\/types\/page"}],"author":[{"embeddable":true,"href":"https:\/\/flima.net.br\/6\/wp-json\/wp\/v2\/users\/1"}],"replies":[{"embeddable":true,"href":"https:\/\/flima.net.br\/6\/wp-json\/wp\/v2\/comments?post=5"}],"version-history":[{"count":2,"href":"https:\/\/flima.net.br\/6\/wp-json\/wp\/v2\/pages\/5\/revisions"}],"predecessor-version":[{"id":13,"href":"https:\/\/flima.net.br\/6\/wp-json\/wp\/v2\/pages\/5\/revisions\/13"}],"wp:attachment":[{"href":"https:\/\/flima.net.br\/6\/wp-json\/wp\/v2\/media?parent=5"}],"curies":[{"name":"wp","href":"https:\/\/api.w.org\/{rel}","templated":true}]}}

Programação 2023

<!-- This site is optimized with the Yoast SEO plugin v21.2 - https://yoast.com/wordpress/plugins/seo/ -->
<title>FLIMA 2023 - Programação</title>
<meta name="description" content="Confira as mais de 100 atrações do festival" />
<meta name="robots" content="index, follow, max-snippet:-1, max-image-preview:large, max-video-preview:-1" />
<link rel="canonical" href="https://flima.net.br/6/" />
<meta property="og:locale" content="pt_BR" />
<meta property="og:type" content="article" />
<meta property="og:title" content="FLIMA 2023 - Programação" />
<meta property="og:description" content="Confira as mais de 100 atrações do festival" />
<meta property="og:url" content="https://flima.net.br/6/" />
<meta property="og:site_name" content="FLIMA" />
<meta property="article:modified_time" content="2025-02-21T15:34:22+00:00" />
<meta property="og:image" content="https://flima.net.br/6/wp-content/uploads/2023/09/Flima_2023_Home_Site-scaled.jpg" />
<meta name="twitter:card" content="summary_large_image" />
<meta name="twitter:title" content="FLIMA 2023 - Programação" />
<meta name="twitter:description" content="Confira as mais de 100 atrações do festival" />
<meta name="twitter:image" content="https://flima.net.br/6/wp-content/uploads/2023/09/Flima_2023_Home_Site-scaled.jpg" />
<script type="application/ld+json" class="yoast-schema-graph">{"@context":"https://schema.org","@graph":[{"@type":"WebPage","@id":"https://flima.net.br/6/","url":"https://flima.net.br/6/","name":"FLIMA 2023 - Programação","isPartOf":{"@id":"https://flima.net.br/6/#website"},"datePublished":"2023-07-14T00:33:29+00:00","dateModified":"2025-02-21T15:34:22+00:00","description":"Confira as mais de 100 atrações do festival","breadcrumb":{"@id":"https://flima.net.br/6/#breadcrumb"},"inLanguage":"pt-BR","potentialAction":[{"@type":"ReadAction","target":["https://flima.net.br/6/"]}]},{"@type":"BreadcrumbList","@id":"https://flima.net.br/6/#breadcrumb","itemListElement":[{"@type":"ListItem","position":1,"name":"Início","item":"https://flima.net.br/6/"},{"@type":"ListItem","position":2,"name":"Programação 2023"}]},{"@type":"WebSite","@id":"https://flima.net.br/6/#website","url":"https://flima.net.br/6/","name":"FLIMA","description":"6ª Festa Literária da Mantiqueira","potentialAction":[{"@type":"SearchAction","target":{"@type":"EntryPoint","urlTemplate":"https://flima.net.br/6/?s={search_term_string}"},"query-input":"required name=search_term_string"}],"inLanguage":"pt-BR"}]}</script>
<!-- / Yoast SEO plugin. -->

FLIMA 2023 - Programação

Confira as mais de 100 atrações do festival

Início

6ª Festa Literária da Mantiqueira
